2509?
2
What is the tens digit of 25795?
9
What is the units digit of 7146?
6
What is the tens digit of 627?
2
What is the units digit of 6001?
1
What is the units digit of 27537?
7
What is the units digit of 8611?
1
What is the units digit of 2880?
0
What is the thousands digit of 100959?
0
What is the thousands digit of 10388?
0
What is the thousands digit of 1288?
1
What is the ten thousands digit of 80392?
8
What is the tens digit of 26480?
8
What is the units digit of 521?
1
What is the units digit of 1144?
4
What is the tens digit of 73181?
8
What is the thousands digit of 10554?
0
What is the hundreds digit of 495?
4
What is the thousands digit of 30979?
0
What is the hundreds digit of 5107?
1
What is the thousands digit of 18618?
8
What is the thousands digit of 3303?
3
What is the tens digit of 16856?
5
What is the thousands digit of 38984?
8
What is the units digit of 11814?
4
What is the hundreds digit of 3249?
2
What is the tens digit of 71781?
8
What is the tens digit of 1431?
3
What is the tens digit of 297?
9
What is the tens digit of 66808?
0
What is the thousands digit of 2022?
2
What is the ten thousands digit of 13707?
1
What is the hundreds digit of 2036?
0
What is the hundreds digit of 1043?
0
What is the tens digit of 1412?
1
What is the tens digit of 54?
5
What is the hundreds digit of 1902?
9
What is the tens digit of 5320?
2
What is the units digit of 13762?
2
What is the hundreds digit of 3065?
0
What is the thousands digit of 4894?
4
What is the hundreds digit of 2359?
3
What is the thousands digit of 74231?
4
What is the hundreds digit of 48192?
1
What is the units digit of 592?
2
What is the tens digit of 100661?
6
What is the hundreds digit of 1676?
6
What is the hundreds digit of 9478?
4
What is the tens digit of 37537?
3
What is the tens digit of 8773?
7
What is the units digit of 71675?
5
What is the ten thousands digit of 15704?
1
What is the thousands digit of 29302?
9
What is the thousands digit of 1064?
1
What is the tens digit of 29126?
2
What is the tens digit of 1630?
3
What is the hundreds digit of 944?
9
What is the thousands digit of 8707?
8
What is the hundreds digit of 77615?
6
What is the units digit of 48623?
3
What is the thousands digit of 3980?
3
What is the hundreds digit of 1020?
0
What is the thousands digit of 4547?
4
What is the hundreds digit of 34588?
5
What is the thousands digit of 4024?
4
What is the units digit of 908?
8
What is the tens digit of 8407?
0
What is the hundreds digit of 296?
2
What is the ten thousands digit of 35052?
3
What is the units digit of 15833?
3
What is the units digit of 7575?
5
What is the tens digit of 2411?
1
What is the thousands digit of 38042?
8
What is the hundreds digit of 101579?
5
What is the units digit of 1096?
6
What is the units digit of 15521?
1
What is the thousands digit of 2616?
2
What is the thousands digit of 104559?
4
What is the thousands digit of 12193?
2
What is the tens digit of 10803?
0
What is the hundreds digit of 2427?
4
What is the hundreds digit of 1502?
5
What is the units digit of 673?
3
What is the ten thousands digit of 13875?
1
What is the units digit of 19141?
1
What is the thousands digit of 41137?
1
What is the tens digit of 1446?
4
What is the thousands digit of 22052?
2
What is the thousands digit of 117593?
7
What is the units digit of 10918?
8
What is the units digit of 16452?
2
What is the units digit of 2779?
9
What is the tens digit of 128440?
4
What is the ten thousands digit of 11173?
1
What is the ten thousands digit of 20350?
2
What is the tens digit of 1194?
9
What is the units digit of 891?
1
What is the thousands digit of 3965?
3
What is the units digit of 82388?
8
What is the hundreds digit of 61222?
2
What is the thousands digit of 1239?
1
What is the hundreds digit of 7527?
5
What is the hundreds digit of 10715?
7
What is the units digit of 8285?
5
What is the tens digit of 873?
7
What is the hundreds digit of 1388?
3
What is the ten thousands digit of 77575?
7
What is the thousands digit of 81831?
1
What is the thousands digit of 149504?
9
What is the units digit of 882?
2
What is the hundreds digit of 3070?
0
What is the tens digit of 481?
8
What is the ten thousands digit of 32548?
3
What is the units digit of 67289?
9
What is the units digit of 317?
7
What is the tens digit of 17530?
3
What is the hundreds digit of 104812?
8
What is the tens digit of 141665?
6
What is the units digit of 1874?
4
What is the hundreds digit of 1112?
1
What is the thousands digit of 65455?
5
What is the tens digit of 25944?
4
What is the ten thousands digit of 62074?
6
What is the thousands digit of 1404?
1
What is the units digit of 12354?
4
What is the ten thousands digit of 61622?
6
What is the units digit of 449?
9
What is the units digit of 80?
0
What is the tens digit of 9322?
2
What is the thousands digit of 29891?
9
What is the hundred thousands digit of 112307?
1
What is the units digit of 1583?
3
What is the ten thousands digit of 35203?
3
What is the ten thousands digit of 12489?
1
What is the tens digit of 1773?
7
What is the units digit of 3209?
9
What is the ten thousands digit of 109635?
0
What is the hundreds digit of 460?
4
What is the units digit of 58?
8
What is the thousands digit of 2232?
2
What is the units digit of 39974?
4
What is the hundreds digit of 1313?
3
What is the units digit of 4723?
3
What is the thousands digit of 34996?
4
What is the units digit of 1777?
7
What is the thousands digit of 6594?
6
What is the hundreds digit of 840?
8
What is the tens digit of 7196?
9
What is the tens digit of 21604?
0
What is the units digit of 38951?
1
What is the thousands digit of 15758?
5
What is the hundreds digit of 23070?
0
What is the units digit of 157556?
6
What is the thousands digit of 13009?
3
What is the units digit of 12232?
2
What is the tens digit of 2958?
5
What is the units digit of 57235?
5
What is the ten thousands digit of 59817?
5
What is the hundreds digit of 3010?
0
What is the tens digit of 2823?
2
What is the tens digit of 1133?
3
What is the units digit of 622?
2
What is the tens digit of 8192?
9
What is the thousands digit of 11623?
1
What is the units digit of 73939?
9
What is the tens digit of 1404?
0
What is the thousands digit of 1463?
1
What is the tens digit of 24765?
6
What is the thousands digit of 7824?
7
What is the thousands digit of 61060?
1
What is the thousands digit of 26705?
6
What is the tens digit of 4835?
3
What is the hundreds digit of 2146?
1
What is the thousands digit of 3376?
3
What is the tens digit of 18990?
9
What is the hundreds digit of 13687?
6
What is the tens digit of 32597?
9
What is the thousands digit of 2178?
2
What is the units digit of 2752?
2
What is the units digit of 254?
4
What is the hundreds digit of 792?
7
What is the thousands digit of 5281?
5
What is the thousands digit of 39683?
9
What is the tens digit of 8230?
3
What is the thousands digit of 5804?
5
What is the ten thousands digit of 40979?
4
What is the units digit of 3202?
2
What is the thousands digit of 10201?
0
What is the units digit of 3068?
8
What is the tens digit of 28970?
7
What is the ten thousands digit of 59283?
5
What is the tens digit of 466?
6
What is the thousands digit of 1265?
1
What is the hundreds digit of 16911?
9
What is the units digit of 1872?
2
What is the hundreds digit of 8791?
7
What is the tens digit of 749?
4
What is the hundreds digit of 2493?
4
What is the tens digit of 45521?
2
What is the tens digit of 276?
7
What is the tens digit of 775?
7
What is the thousands digit of 3512?
3
What is the units digit of 7589?
9
What is the units digit of 180?
0
What is the thousands digit of 1416?
1
What is the units digit of 100728?
8
What is the hundreds digit of 837?
8
What is the tens digit of 2769?
6
What is the hundreds digit of 2157?
1
What is the hundreds digit of 15479?
4
What is the hundreds digit of 833?
8
What is the hundreds digit of 6503?
5
What is the thousands digit of 2092?
2
What is the tens digit of 35142?
4
What is the hundreds digit of 41181?
1
What is the hundreds digit of 10813?
8
What is the units digit of 1070?
0
What is the thousands digit of 7024?
7
What is the tens digit of 79713?
1
What is the units digit of 21225?
5
What